er?
True
Is 61924279 a composite number?
True
Is 241472807 a composite number?
True
Is 18009347 a prime number?
False
Is 340233967 prime?
False
Is 221246 a prime number?
False
Is 32851453 prime?
False
Is 8497817 composite?
False
Is 264667721 a prime number?
True
Is 14499497 a composite number?
True
Is 19101539 composite?
False
Is 2733866 a composite number?
True
Is 3554543 prime?
False
Is 23840437 composite?
False
Is 5333383 a prime number?
False
Is 4304497 composite?
False
Is 84687113 a composite number?
True
Is 1328389 a composite number?
True
Is 147935687 prime?
False
Is 88530371 prime?
False
Is 20426641 composite?
True
Is 3134303 a prime number?
True
Is 253613911 prime?
True
Is 5470453 prime?
True
Is 46117039 composite?
True
Is 427116629 a composite number?
False
Is 186963262 composite?
True
Is 78241109 composite?
False
Is 77363827 composite?
False
Is 91099493 a composite number?
False
Is 1942327 a prime number?
False
Is 21577859 composite?
False
Is 161821799 prime?
False
Is 5550778 prime?
False
Is 95519 a prime number?
False
Is 7649599 prime?
True
Is 40084631 a prime number?
True
Is 671467 a composite number?
False
Is 20874757 composite?
True
Is 1632185 composite?
True
Is 70697941 a composite number?
True
Is 13727417 a composite number?
True
Is 156453149 a prime number?
True
Is 1372303 a composite number?
False
Is 65967913 a prime number?
False
Is 29592893 prime?
False
Is 142983497 composite?
False
Is 68041 prime?
True
Is 6479117 a prime number?
False
Is 499487 a prime number?
False
Is 6214471 prime?
True
Is 141301945 a prime number?
False
Is 1482769 a prime number?
False
Is 229531 a prime number?
False
Is 8335715 prime?
False
Is 58994809 a composite number?
True
Is 23589749 a prime number?
True
Is 16760399 a composite number?
True
Is 113434841 a prime number?
False
Is 39907 a prime number?
False
Is 7873609 a prime number?
False
Is 909673 prime?
False
Is 3966857 prime?
True
Is 1448719 composite?
True
Is 1335743 prime?
True
Is 432072229 a prime number?
True
Is 2713661 prime?
False
Is 7513879 a composite number?
False
Is 16794367 composite?
True
Is 42720137 a composite number?
True
Is 2312501 composite?
True
Is 60715595 a composite number?
True
Is 13182521 a prime number?
False
Is 5677873 prime?
True
Is 153727 a prime number?
False
Is 58654793 a composite number?
False
Is 76365643 a composite number?
False
Is 588503 composite?
False
Is 178029697 prime?
False
Is 1414201 a composite number?
True
Is 113222519 composite?
False
Is 80946007 composite?
True
Is 158423347 a prime number?
True
Is 107267 composite?
True
Is 22858109 composite?
False
Is 120270211 prime?
False
Is 195164353 composite?
False
Is 889619 prime?
False
Is 49139939 a prime number?
True
Is 5833591 composite?
False
Is 144594917 prime?
True
Is 3249826 a prime number?
False
Is 25568639 a prime number?
True
Is 91083563 a prime number?
True
Is 2239715 composite?
True
Is 1309151 prime?
False
Is 2810029 prime?
True
Is 35696659 a composite number?
True
Is 2268062 composite?
True
Is 7367351 a prime number?
True
Is 171263 a prime number?
True
Is 34820003 a prime number?
False
Is 56119277 a prime number?
False
Is 19881283 prime?
True
Is 55970909 a composite number?
False
Is 40502113 prime?
False
Is 1357313 a composite number?
True
Is 4280729 composite?
True
Is 1407647 a composite number?
False
Is 15475061 a composite number?
True
Is 59573803 a composite number?
False
Is 1431978305 composite?
True
Is 3226547 prime?
True
Is 1251409 a prime number?
True
Is 5721929 prime?
True
Is 66803917 prime?
True
Is 188599237 a composite number?
True
Is 44592559 a prime number?
False
Is 16805797 composite?
False
Is 9816809 prime?
False
Is 22636661 prime?
True
Is 134278969 a prime number?
False
Is 6401019 composite?
True
Is 48000907 a composite number?
False
Is 24771751 a composite number?
True
Is 33343327 prime?
False
Is 24925223 prime?
True
Is 74925971 prime?
False
Is 7480511 prime?
True
Is 254167841 a composite number?
False
Is 288811447 a composite number?
True
Is 5814967 a composite number?
False
Is 188611597 prime?
False
Is 441172619 prime?
True
Is 6652621 a prime number?
True
Is 3605177 a prime number?
False
Is 2600147 prime?
False
Is 2853911 a composite number?
False
Is 12072899 prime?
True
Is 710617 composite?
True
Is 83352457 a prime number?
True
Is 288517429 prime?
True
Is 8538649 prime?
False
Is 1654495 composite?
True
Is 66501971 prime?
True
Is 947113 a composite number?
True
Is 296822753 a prime number?
True
Is 15765083 a prime number?
True
Is 25935967 a prime number?
True
Is 331472909 prime?
True
Is 11920591 a prime number?
True
Is 11141231 prime?
False
Is 10268977 a composite number?
False
Is 965129 a composite number?
True
Is 579433 composite?
False
Is 3222071 a prime number?
False
Is 26315293 prime?
True
Is 152775563 composite?
True
Is 6135709 composite?
True
Is 109334 a composite number?
True
Is 672557 composite?
False
Is 26383631 prime?
True
Is 5198015 a composite number?
True
Is 1694443 a composite number?
False
Is 23958139 a composite number?
True
Is 4372721 prime?
True
Is 4486427 a composite number?
True
Is 2545429 a prime number?
True
Is 26306961 a composite number?
True
Is 33976949 composite?
True
Is 20851 prime?
False
Is 1862327 composite?
True
Is 91901683 prime?
False
Is 10287919 composite?
False
Is 24637229 prime?
False
Is 2820119 composite?
False
Is 34599127 a composite number?
False
Is 9148919 a composite number?
True
Is 90924359 a composite number?
True
Is 1713553 prime?
False
Is 8134639 a prime number?
True
Is 73194659 a composite number?
False
Is 14259331 a composite number?
False
Is 128509313 composite?
False
Is 2569133 a composite number?
True
Is 23793239 a prime number?
True
Is 9829319 a composite number?
False
Is 24861217 prime?
False
Is 47027207 a prime number?
True
Is 68006483 prime?
False
Is 120973271 a composite number?
False
Is 1846909 composite?
False
Is 10095905 a composite number?
True
Is 159755597 prime?
True
Is 1833383 prime?
True
Is 175328539 composite?
True
Is 6828805 a prime number?
False
Is 872923 prime?
True
Is 385868849 prime?
True
Is 190979 prime?
True
Is 113973 prime?
False
Is 3696949 prime?
False
Is 365791 prime?
True
Is 9700213 composite?
False
Is 458173 prime?
True
Is 31586383 composite?
True
Is 28349 a prime number?
True
Is 12705983 a prime number?
True
Is 39551905 prime?
False
Is 1310314 a composite number?
True
Is 1152689 a composite number?
True
Is 209431 a prime number?
True
Is 96012523 a composite number?
False
Is 314437265 a prime number?
False
Is 791809919 composite?
False
Is 159820406 prime?
False
Is 103825517 a composite number?
False
Is 270029 a composite number?
False
Is 5711351 composite?
False
Is 5745281 prime?
False
Is 12802129 a composite number?
True
Is 62513989 composite?
False
Is 18166697 composite?
False
Is 15699493 composite?
True
Is 31272181 prime?
False
Is 9522619 composite?
True
Is 1028759 a composite number?
True
Is 342259 composite?
True
Is 74655797 a prime number?
True
Is 3273635 a composite number?
True
Is 10594763 a prime number?
False
Is 47476873 prime?
True
Is 26925287 a prime number?
False
Is 1020118349 composite?
True
Is 5125961 composite?
True
Is 25136651 a composite number?
False
Is 2702759 a prime number?
True
Is 50554486 composite?
True
Is 9546553 prime?
True
Is 4848709 composite?
False
Is 4754227 a composite number?
False
Is 287437 a composite number?
False
Is 70190401 composite?
True
Is 133138427 composite?
False
Is 6177085 a composite number?
True
Is 3856067 composite?
False
Is 3281959 a prime number?
False
Is 5229089 a composite number?
True
Is 17192767 a composite number?
False
Is 36463333 a composite number?
True
Is 475471 composite?
True
Is 3452957 prime?
True
Is 307752271 a composite number?
False
Is 19523 a composite number?
True
Is 250583 a prime number?
True
Is 3648377 a composite number?
True
Is 3526351 a prime number?
False
Is 13041055 prime?
False
Is 105055157 composite?
True
Is 54222967 a composite number?
False
Is 633341 a prime number?
False
Is 5088881 prime?
False
Is 5739089 composite?
False
Is 25558637 prime?
False
Is 45137989 prime?
False
Is 1829579 prime?
True
Is 1250858357 a composite number?
True
Is 251317787 a composite number?
True
Is 18850633 a composite number?
False
Is 197689119 pri